{"id":89,"date":"2025-08-02T13:47:44","date_gmt":"2025-08-02T13:47:44","guid":{"rendered":"https:\/\/greyhouse.lt\/?page_id=89"},"modified":"2026-02-02T13:22:48","modified_gmt":"2026-02-02T13:22:48","slug":"hotel-rooms","status":"publish","type":"page","link":"https:\/\/greyhouse.lt\/","title":{"rendered":"Hotel Rooms"},"content":{"rendered":"\n\t\t<div class=\"container room-container\">\n<div id=\"hotel-booking-search-filter\" class=\"hotel-booking-search-filter\">\n    <h3>\n\t\tFilter By\t<\/h3>\n\n    <form class=\"search-filter-form\" action=\"\">\n        <div class=\"hb-form-table\">\n\t\t\t    <div class=\"hb-price-field\" data-min=\"0\"\n         data-max=\"100\"\n         data-step=\"1\">\n        <div class=\" title\">Price<\/div>\n        <input type=\"hidden\" class=\"hb-min-price\" name=\"min-price\"\n               value=\"\">\n        <input type=\"hidden\" class=\"hb-max-price\" name=\"max-price\"\n               value=\"\">\n        <div class=\"hb-search-price\">\n            <div class=\"hb-price-range\"><\/div>\n            <div>\n                <span class=\"min\">0.00<\/span>\n                -\n                <span class=\"max\">100.00<\/span>\n            <\/div>\n        <\/div>\n    <\/div>\n\t<div class=\"hb-rating-field\">\n\t\t<h4> Rating<\/h4>\n\t\t<ul class=\"rating-list\">\n\t\t\t\t\t\t\t<li class=\"list-item\">\n\t\t\t\t\t<div class=\"rating\">\n\t\t\t\t\t\t<label>\n\t\t\t\t\t\t\t<input type=\"checkbox\" name=\"rating\" value=\"1\">\n\t\t\t\t\t\t\t<span>\n\t\t\t\t\t\t\t\t1 star\t\t\t\t\t\t\t<\/span>\n\t\t\t\t\t\t<\/label>\n\t\t\t\t\t<\/div>\n\t\t\t\t\t<div class=\"rating-number\">\n\t\t\t\t\t\t0\t\t\t\t\t<\/div>\n\t\t\t\t<\/li>\n\t\t\t\t\t\t\t\t<li class=\"list-item\">\n\t\t\t\t\t<div class=\"rating\">\n\t\t\t\t\t\t<label>\n\t\t\t\t\t\t\t<input type=\"checkbox\" name=\"rating\" value=\"2\">\n\t\t\t\t\t\t\t<span>\n\t\t\t\t\t\t\t\t2 stars\t\t\t\t\t\t\t<\/span>\n\t\t\t\t\t\t<\/label>\n\t\t\t\t\t<\/div>\n\t\t\t\t\t<div class=\"rating-number\">\n\t\t\t\t\t\t0\t\t\t\t\t<\/div>\n\t\t\t\t<\/li>\n\t\t\t\t\t\t\t\t<li class=\"list-item\">\n\t\t\t\t\t<div class=\"rating\">\n\t\t\t\t\t\t<label>\n\t\t\t\t\t\t\t<input type=\"checkbox\" name=\"rating\" value=\"3\">\n\t\t\t\t\t\t\t<span>\n\t\t\t\t\t\t\t\t3 stars\t\t\t\t\t\t\t<\/span>\n\t\t\t\t\t\t<\/label>\n\t\t\t\t\t<\/div>\n\t\t\t\t\t<div class=\"rating-number\">\n\t\t\t\t\t\t0\t\t\t\t\t<\/div>\n\t\t\t\t<\/li>\n\t\t\t\t\t\t\t\t<li class=\"list-item\">\n\t\t\t\t\t<div class=\"rating\">\n\t\t\t\t\t\t<label>\n\t\t\t\t\t\t\t<input type=\"checkbox\" name=\"rating\" value=\"4\">\n\t\t\t\t\t\t\t<span>\n\t\t\t\t\t\t\t\t4 stars\t\t\t\t\t\t\t<\/span>\n\t\t\t\t\t\t<\/label>\n\t\t\t\t\t<\/div>\n\t\t\t\t\t<div class=\"rating-number\">\n\t\t\t\t\t\t0\t\t\t\t\t<\/div>\n\t\t\t\t<\/li>\n\t\t\t\t\t\t\t\t<li class=\"list-item\">\n\t\t\t\t\t<div class=\"rating\">\n\t\t\t\t\t\t<label>\n\t\t\t\t\t\t\t<input type=\"checkbox\" name=\"rating\" value=\"5\">\n\t\t\t\t\t\t\t<span>\n\t\t\t\t\t\t\t\t5 stars\t\t\t\t\t\t\t<\/span>\n\t\t\t\t\t\t<\/label>\n\t\t\t\t\t<\/div>\n\t\t\t\t\t<div class=\"rating-number\">\n\t\t\t\t\t\t0\t\t\t\t\t<\/div>\n\t\t\t\t<\/li>\n\t\t\t\t\t\t\t<li class=\"list-item unrated\">\n\t\t\t\t<div class=\"rating\">\n\t\t\t\t\t<label>\n\t\t\t\t\t\t<input type=\"checkbox\" name=\"rating\" value=\"unrated\">\n\t\t\t\t\t\t<span>Unrated<\/span>\n\t\t\t\t\t<\/label>\n\t\t\t\t<\/div>\n\t\t\t\t<div class=\"rating-number\">\n\t\t\t\t\t0\t\t\t\t<\/div>\n\t\t\t<\/li>\n\t\t<\/ul>\n\t<\/div>\n\n\t\t\t<div class=\"clear-reset-filter\">\n\t\t\t\t\t\t\t\t\t<button type=\"button\" class=\"hb-room-filter-btn\">Filter<\/button>\n\t\t\t\t\n\t\t\t\t<div class=\"clear-filter\">\n\t\t\t\t\t<button type=\"button\">\n\t\t\t\t\t\tReset\t\t\t\t\t<\/button>\n            <\/div>\n\t\t\t<\/div>\n        <\/div>\n    <\/form>\n<\/div>\n<div class=\"room-content\">\t<div class=\"sort-by-wrapper\">\n\t\t\t\t<div class=\"show-number\">\n\t\t\t\t\t<\/div>\n\n\t\t<div class=\"sort-by\">\n\t\t\t<span class=\"sort-by__label\">Sort By :<\/span>\n\t\t\t<div class=\"select\">\n\t\t\t\t<div class=\"toggle\">\n\t\t\t\t\tDefault (Newest)\t\t\t\t<\/div>\n\t\t\t\t<ul class=\"sort-by__list\">\n\t\t\t\t\t\t\t\t\t\t\t<li class=\"sort-by__list-item active\" data-value=\"date-desc\">\n\t\t\t\t\t\t\tDefault (Newest)\t\t\t\t\t\t<\/li>\n\t\t\t\t\t\t\t\t\t\t\t\t<li class=\"sort-by__list-item\" data-value=\"date-asc\">\n\t\t\t\t\t\t\tOldest\t\t\t\t\t\t<\/li>\n\t\t\t\t\t\t\t\t\t\t\t\t<li class=\"sort-by__list-item\" data-value=\"title-asc\">\n\t\t\t\t\t\t\tA to Z\t\t\t\t\t\t<\/li>\n\t\t\t\t\t\t\t\t\t\t\t\t<li class=\"sort-by__list-item\" data-value=\"title-desc\">\n\t\t\t\t\t\t\tZ to A\t\t\t\t\t\t<\/li>\n\t\t\t\t\t\t\t\t\t\t<\/ul>\n\t\t\t<\/div>\n\t\t<\/div>\n\t\t\t<\/div>\nNo room found<\/div><\/div>\n\t\t\n\t\n<p><strong>Jaukus namelis prie j\u016bros<\/strong><\/p>\n<ul>\n<li>Du visi\u0161kai naujai \u012frengti atskiri apartamentai<\/li>\n<\/ul>\n<p>(kiekvienas 4 asmenims)<\/p>\n<p>Kiekviename i\u0161 j\u0173:<\/p>\n<p>Atskiras miegamasis (dvigul\u0117 lova)<\/p>\n<p>Atskiras du\u0161as ir tualetas<\/p>\n<p>Svetain\u0117 sujungta su virtuve (\u0161aldytuvas su kamera, dviej\u0173 skyli\u0173 elektrin\u0117 kaitlent\u0117, mikrobang\u0173 krosnel\u0117, indai, l\u0117k\u0161t\u0117s)<\/p>\n<p>Taip pat svetain\u0117je patogi sofa-lova, televizorius<\/p>\n<p><strong><em>atsipra\u0161ome, patikslinimas 07.28 vistik \u0161iemet televizoriaus dar nebus, antena yra, televizorius yra, bet ry\u0161io n\u0117ra, atostogos be TV, kas gali b\u016bt geriau <\/em><\/strong><\/p>\n<p>Diiiiiiiiid\u017eiul\u0117 terasa<\/p>\n<p>D\u0117l kain\u0173 ir u\u017eimtumo teirautis: uzsakymai@greyhouse.lt<\/p>\n<p>video: <a href=\"https:\/\/youtube.com\/shorts\/3gokLCgJhag?si=K02oBM0URh7xhHRI\">https:\/\/youtube.com\/shorts\/3gokLCgJhag?si=K02oBM0URh7xhHRI<\/a><\/p>\n\n\n<p><\/p>\n","protected":false},"excerpt":{"rendered":"<p>Jaukus namelis prie j\u016bros Du visi\u0161kai naujai \u012frengti atskiri apartamentai (kiekvienas 4 asmenims) Kiekviename i\u0161 j\u0173: Atskiras miegamasis (dvigul\u0117 lova) Atskiras du\u0161as ir tualetas Svetain\u0117 sujungta su virtuve (\u0161aldytuvas su kamera, dviej\u0173 skyli\u0173 elektrin\u0117 kaitlent\u0117, mikrobang\u0173 krosnel\u0117, indai, l\u0117k\u0161t\u0117s) Taip pat svetain\u0117je patogi sofa-lova, televizorius atsipra\u0161ome, patikslinimas 07.28 vistik \u0161iemet televizoriaus dar nebus, antena yra, [&hellip;]<\/p>\n","protected":false},"author":1,"featured_media":62,"parent":0,"menu_order":0,"comment_status":"closed","ping_status":"closed","template":"","meta":{"footnotes":""},"class_list":["post-89","page","type-page","status-publish","has-post-thumbnail","hentry"],"yoast_head":"<!-- This site is optimized with the Yoast SEO plugin v25.6 - https:\/\/yoast.com\/wordpress\/plugins\/seo\/ -->\n<title>Hotel Rooms - greyhouse.lt<\/title>\n<meta name=\"robots\" content=\"index, follow, max-snippet:-1, max-image-preview:large, max-video-preview:-1\" \/>\n<link rel=\"canonical\" href=\"https:\/\/greyhouse.lt\/\" \/>\n<meta property=\"og:locale\" content=\"en_US\" \/>\n<meta property=\"og:type\" content=\"article\" \/>\n<meta property=\"og:title\" content=\"Hotel Rooms - greyhouse.lt\" \/>\n<meta property=\"og:description\" content=\"Jaukus namelis prie j\u016bros Du visi\u0161kai naujai \u012frengti atskiri apartamentai (kiekvienas 4 asmenims) Kiekviename i\u0161 j\u0173: Atskiras miegamasis (dvigul\u0117 lova) Atskiras du\u0161as ir tualetas Svetain\u0117 sujungta su virtuve (\u0161aldytuvas su kamera, dviej\u0173 skyli\u0173 elektrin\u0117 kaitlent\u0117, mikrobang\u0173 krosnel\u0117, indai, l\u0117k\u0161t\u0117s) Taip pat svetain\u0117je patogi sofa-lova, televizorius atsipra\u0161ome, patikslinimas 07.28 vistik \u0161iemet televizoriaus dar nebus, antena yra, [&hellip;]\" \/>\n<meta property=\"og:url\" content=\"https:\/\/greyhouse.lt\/\" \/>\n<meta property=\"og:site_name\" content=\"greyhouse.lt\" \/>\n<meta property=\"article:modified_time\" content=\"2026-02-02T13:22:48+00:00\" \/>\n<meta property=\"og:image\" content=\"https:\/\/greyhouse.lt\/wp-content\/uploads\/2025\/07\/IMG_20250709_165444-scaled.jpg\" \/>\n\t<meta property=\"og:image:width\" content=\"2560\" \/>\n\t<meta property=\"og:image:height\" content=\"1152\" \/>\n\t<meta property=\"og:image:type\" content=\"image\/jpeg\" \/>\n<meta name=\"twitter:card\" content=\"summary_large_image\" \/>\n<meta name=\"twitter:label1\" content=\"Est. reading time\" \/>\n\t<meta name=\"twitter:data1\" content=\"1 minute\" \/>\n<script type=\"application\/ld+json\" class=\"yoast-schema-graph\">{\"@context\":\"https:\/\/schema.org\",\"@graph\":[{\"@type\":\"WebPage\",\"@id\":\"https:\/\/greyhouse.lt\/\",\"url\":\"https:\/\/greyhouse.lt\/\",\"name\":\"Hotel Rooms - greyhouse.lt\",\"isPartOf\":{\"@id\":\"https:\/\/greyhouse.lt\/#website\"},\"primaryImageOfPage\":{\"@id\":\"https:\/\/greyhouse.lt\/#primaryimage\"},\"image\":{\"@id\":\"https:\/\/greyhouse.lt\/#primaryimage\"},\"thumbnailUrl\":\"https:\/\/greyhouse.lt\/wp-content\/uploads\/2025\/07\/IMG_20250709_165444-scaled.jpg\",\"datePublished\":\"2025-08-02T13:47:44+00:00\",\"dateModified\":\"2026-02-02T13:22:48+00:00\",\"breadcrumb\":{\"@id\":\"https:\/\/greyhouse.lt\/#breadcrumb\"},\"inLanguage\":\"en-US\",\"potentialAction\":[{\"@type\":\"ReadAction\",\"target\":[\"https:\/\/greyhouse.lt\/\"]}]},{\"@type\":\"ImageObject\",\"inLanguage\":\"en-US\",\"@id\":\"https:\/\/greyhouse.lt\/#primaryimage\",\"url\":\"https:\/\/greyhouse.lt\/wp-content\/uploads\/2025\/07\/IMG_20250709_165444-scaled.jpg\",\"contentUrl\":\"https:\/\/greyhouse.lt\/wp-content\/uploads\/2025\/07\/IMG_20250709_165444-scaled.jpg\",\"width\":2560,\"height\":1152},{\"@type\":\"BreadcrumbList\",\"@id\":\"https:\/\/greyhouse.lt\/#breadcrumb\",\"itemListElement\":[{\"@type\":\"ListItem\",\"position\":1,\"name\":\"Home\",\"item\":\"https:\/\/greyhouse.lt\/\"},{\"@type\":\"ListItem\",\"position\":2,\"name\":\"Hotel Rooms\"}]},{\"@type\":\"WebSite\",\"@id\":\"https:\/\/greyhouse.lt\/#website\",\"url\":\"https:\/\/greyhouse.lt\/\",\"name\":\"greyhouse.lt\",\"description\":\"\",\"potentialAction\":[{\"@type\":\"SearchAction\",\"target\":{\"@type\":\"EntryPoint\",\"urlTemplate\":\"https:\/\/greyhouse.lt\/?s={search_term_string}\"},\"query-input\":{\"@type\":\"PropertyValueSpecification\",\"valueRequired\":true,\"valueName\":\"search_term_string\"}}],\"inLanguage\":\"en-US\"}]}<\/script>\n<!-- \/ Yoast SEO plugin. -->","yoast_head_json":{"title":"Hotel Rooms - greyhouse.lt","robots":{"index":"index","follow":"follow","max-snippet":"max-snippet:-1","max-image-preview":"max-image-preview:large","max-video-preview":"max-video-preview:-1"},"canonical":"https:\/\/greyhouse.lt\/","og_locale":"en_US","og_type":"article","og_title":"Hotel Rooms - greyhouse.lt","og_description":"Jaukus namelis prie j\u016bros Du visi\u0161kai naujai \u012frengti atskiri apartamentai (kiekvienas 4 asmenims) Kiekviename i\u0161 j\u0173: Atskiras miegamasis (dvigul\u0117 lova) Atskiras du\u0161as ir tualetas Svetain\u0117 sujungta su virtuve (\u0161aldytuvas su kamera, dviej\u0173 skyli\u0173 elektrin\u0117 kaitlent\u0117, mikrobang\u0173 krosnel\u0117, indai, l\u0117k\u0161t\u0117s) Taip pat svetain\u0117je patogi sofa-lova, televizorius atsipra\u0161ome, patikslinimas 07.28 vistik \u0161iemet televizoriaus dar nebus, antena yra, [&hellip;]","og_url":"https:\/\/greyhouse.lt\/","og_site_name":"greyhouse.lt","article_modified_time":"2026-02-02T13:22:48+00:00","og_image":[{"width":2560,"height":1152,"url":"https:\/\/greyhouse.lt\/wp-content\/uploads\/2025\/07\/IMG_20250709_165444-scaled.jpg","type":"image\/jpeg"}],"twitter_card":"summary_large_image","twitter_misc":{"Est. reading time":"1 minute"},"schema":{"@context":"https:\/\/schema.org","@graph":[{"@type":"WebPage","@id":"https:\/\/greyhouse.lt\/","url":"https:\/\/greyhouse.lt\/","name":"Hotel Rooms - greyhouse.lt","isPartOf":{"@id":"https:\/\/greyhouse.lt\/#website"},"primaryImageOfPage":{"@id":"https:\/\/greyhouse.lt\/#primaryimage"},"image":{"@id":"https:\/\/greyhouse.lt\/#primaryimage"},"thumbnailUrl":"https:\/\/greyhouse.lt\/wp-content\/uploads\/2025\/07\/IMG_20250709_165444-scaled.jpg","datePublished":"2025-08-02T13:47:44+00:00","dateModified":"2026-02-02T13:22:48+00:00","breadcrumb":{"@id":"https:\/\/greyhouse.lt\/#breadcrumb"},"inLanguage":"en-US","potentialAction":[{"@type":"ReadAction","target":["https:\/\/greyhouse.lt\/"]}]},{"@type":"ImageObject","inLanguage":"en-US","@id":"https:\/\/greyhouse.lt\/#primaryimage","url":"https:\/\/greyhouse.lt\/wp-content\/uploads\/2025\/07\/IMG_20250709_165444-scaled.jpg","contentUrl":"https:\/\/greyhouse.lt\/wp-content\/uploads\/2025\/07\/IMG_20250709_165444-scaled.jpg","width":2560,"height":1152},{"@type":"BreadcrumbList","@id":"https:\/\/greyhouse.lt\/#breadcrumb","itemListElement":[{"@type":"ListItem","position":1,"name":"Home","item":"https:\/\/greyhouse.lt\/"},{"@type":"ListItem","position":2,"name":"Hotel Rooms"}]},{"@type":"WebSite","@id":"https:\/\/greyhouse.lt\/#website","url":"https:\/\/greyhouse.lt\/","name":"greyhouse.lt","description":"","potentialAction":[{"@type":"SearchAction","target":{"@type":"EntryPoint","urlTemplate":"https:\/\/greyhouse.lt\/?s={search_term_string}"},"query-input":{"@type":"PropertyValueSpecification","valueRequired":true,"valueName":"search_term_string"}}],"inLanguage":"en-US"}]}},"jetpack_sharing_enabled":true,"_links":{"self":[{"href":"https:\/\/greyhouse.lt\/index.php?rest_route=\/wp\/v2\/pages\/89","targetHints":{"allow":["GET"]}}],"collection":[{"href":"https:\/\/greyhouse.lt\/index.php?rest_route=\/wp\/v2\/pages"}],"about":[{"href":"https:\/\/greyhouse.lt\/index.php?rest_route=\/wp\/v2\/types\/page"}],"author":[{"embeddable":true,"href":"https:\/\/greyhouse.lt\/index.php?rest_route=\/wp\/v2\/users\/1"}],"replies":[{"embeddable":true,"href":"https:\/\/greyhouse.lt\/index.php?rest_route=%2Fwp%2Fv2%2Fcomments&post=89"}],"version-history":[{"count":2,"href":"https:\/\/greyhouse.lt\/index.php?rest_route=\/wp\/v2\/pages\/89\/revisions"}],"predecessor-version":[{"id":153,"href":"https:\/\/greyhouse.lt\/index.php?rest_route=\/wp\/v2\/pages\/89\/revisions\/153"}],"wp:featuredmedia":[{"embeddable":true,"href":"https:\/\/greyhouse.lt\/index.php?rest_route=\/wp\/v2\/media\/62"}],"wp:attachment":[{"href":"https:\/\/greyhouse.lt\/index.php?rest_route=%2Fwp%2Fv2%2Fmedia&parent=89"}],"curies":[{"name":"wp","href":"https:\/\/api.w.org\/{rel}","templated":true}]}}